t o = -348 + -44. Let w = 562 + o. Calculate the remainder when w is divided by 58.
54
Suppose 0 = -2*v - 3*s + 7*s, -s + 6 = -0*s. Calculate the remainder when 455 is divided by v.
11
Let l(b) be the third derivative of 11*b**5/60 - b**4/24 - b**3/6 + 82*b**2. What is the remainder when l(2) is divided by 24?
17
Suppose -57*n + 27 + 32 = -56*n. What is the remainder when 941 is divided by n?
56
Let a(q) be the second derivative of q**3/6 + 73*q**2/2 + 52*q - 2. Let u(o) = -o**3 + 4*o**2 + 2*o - 4. What is the remainder when a(19) is divided by u(2)?
4
Let f(o) = -7*o**2 - 4*o - 58. Let p(z) = -9*z**2 - 3*z - 58. Let q(j) = 5*f(j) - 4*p(j). What is the remainder when q(-10) is divided by 44?
34
Let f be (-2)/7 - (-1728)/21. Suppose 0*c = -c + f. What is the remainder when c is divided by (-62 + 2)/(-3) + (1 + -70)/23?
14
Suppose 1440*a - 1450*a = -170. What is the remainder when 39 is divided by a?
5
Suppose 3*y = u - 31, 5*y + 37 = -4*u - 9. Let l = -31 - y. Let p = l + 25. What is the remainder when 8 is divided by p?
0
Let a = -51 - -51. Suppose a = 3*r - 8*r + 2*l - 437, -2*l = r + 85. Let g = 137 + r. What is the remainder when g is divided by 18?
14
Suppose -21*y + 28*y = -104*y + 43623. What is the remainder when 1190 is divided by y?
11
Let g = 62 + -62. Suppose 5*u - 2*w + 0*w - 290 = g, 2*w = 0. Let v = -47 + u. Calculate the remainder when 14 is divided by v.
3
Let m(s) = -3*s - 30. Calculate the remainder when 2847/30*2 + (90/75 - 1) is divided by m(-15).
10
Let n(x) = x**3 - 7*x**2 + 19*x - 92. Let s be (-300)/(-28) + 6/21. Let i = s + 4. Calculate the remainder when n(7) is divided by i.
11
Suppose 0 = 376*f - 373*f + 4590. Calculate the remainder when f/20*(-8)/6 is divided by 40.
22
Suppose t - 184 = 4*u - 64, -25 = -5*u. What is the remainder when t is divided by 50?
40
Let a(g) = -4*g + 341. What is the remainder when 381 is divided by a(56)?
30
Let x = 244 - 203. Suppose -5*a + 75 = -3*c, -3*c - x + 2 = -2*a. What is the remainder when 30 is divided by a?
6
Calculate the remainder when 842 is divided by (-9)/63 + (-6009)/(-21) - 6.
2
Let u(v) = 2*v**2 + 10*v - 9. Let k be u(-6). Let c be 2/5 - (473/(-5) - k). Suppose -c = -5*o - 28. What is the remainder when 37 is divided by o?
9
Let c = 999 - 972. What is the remainder when c is divided by 2 + 13 + 1 - -3?
8
Suppose -y + 3*d + 20 = 0, -538*y = -541*y - d + 10. Calculate the remainder when 187 is divided by y.
2
Suppose 0 = w - 3*u - 9, 2*w + 1 = 5*u + 18. Suppose w*t = -42*t + 16416. Calculate the remainder when t is divided by 5.
2
Let o be -3 - (0 + (-12 - -6)). Suppose 4*b - o = 3*b. What is the remainder when 9 is divided by b?
0
Calculate the remainder when 595 is divided by 1 + -5 - (33 + -113).
63
Let b(f) = -5*f + 57. Let j be b(11). Suppose -5*c + 16 = 4*h, -j*c = 3*h - 3*c - 12. Let u = -1 - -2. Calculate the remainder when h is divided by u.
0
Suppose -47*m + 37*m + 4760 = 0. What is the remainder when m is divided by 231?
14
Suppose -6*o + 11*o = 100. Let g be (-5)/(-1 - 48/(-50)). Let b = -70 + g. Calculate the remainder when b is divided by o.
15
Suppose 293*k + 1737 - 9962 = -36*k. Suppose -a = 4*o - o - 71, -o = -4*a - 15. Let z = o - -25. What is the remainder when z is divided by k?
23
What is the remainder when (1 + -64)/9 - -11 - -229 is divided by 182?
51
Let g = 4857 + -4750. Suppose -4*k + 48 = 12. What is the remainder when g is divided by k?
8
Suppose -32*f - 440 = -18609 - 35207. Calculate the remainder when f is divided by 11.
7
Let s(j) = j**2 + 2*j + 3. Let b be (-19)/38*(-37 + -2 - 1). Suppose 20*l - 18*l - b = -c, 0 = l + 3*c - 15. What is the remainder when s(6) is divided by l?
6
Let c(w) = -235*w - 3908. What is the remainder when c(-18) is divided by 5?
2
Suppose -18*u + 19*u - 4*s + 3 = 0, 3*s + 9 = 2*u. Calculate the remainder when 787 is divided by u.
4
Let t = 8 - -16. Suppose -88 - t = -8*k. Suppose -1255*u + 1253*u + 164 = 0. Calculate the remainder when u is divided by k.
12
Let k = -262 + 325. Suppose 5*o - 203 = -k. Calculate the remainder when 37 is divided by o.
9
Let o = 1545 - 898. What is the remainder when o is divided by 81?
80
Let t(w) = 195*w - 1478. What is the remainder when t(9) is divided by 104?
69
Suppose 2*w + 4*f + 6 = 0, 0 = 3*w - 0*w - 4*f - 31. Suppose -l + 11 = x - 14, 135 = w*l + 3*x. What is the remainder when l is divided by -1 + 3/3 + 8?
6
Calculate the remainder when 10407 + 6 + -24 + 5 is divided by 46.
44
Let x = 22619 + -22318. Calculate the remainder when x is divided by 296.
5
Let d(r) = r**3 + 51*r**2 + 54*r + 250. Calculate the remainder when 246 is divided by d(-50).
46
Let u = -78 - -99. Suppose 0 = z - 3*z + 398. Suppose 4*c - z = -39. Calculate the remainder when c is divided by u.
19
Let y = 1201 + -678. Suppose -y - 467 = -6*q. Calculate the remainder when q is divided by 71.
23
Let j = 329 - 111. Let k = j - 110. Suppose 0 = -3*h + 7*h - k. What is the remainder when h is divided by 14?
13
Let r = -13299 + 13339. Calculate the remainder when 1923 is divided by r.
3
Suppose 1321*y = 1310*y + 11891. What is the remainder when y is divided by 32?
25
Let i be -1 - (-1 + -4) - -5. Suppose i*d - 57 = 6*d. What is the remainder when 34 is divided by d?
15
What is the remainder when 21848/18 + (-9)/((-2592)/64) is divided by 53?
48
Let s = 20 - 14. Let y = -15048 - -15227. Calculate the remainder when y is divided by s.
5
Let q(x) = 9*x - 2234 - 2*x**3 + 47*x**2 + 2246 - 30*x. What is the remainder when 285 is divided by q(23)?
53
Let k = 21196 - 21173. What is the remainder when 3005 is divided by k?
15
Suppose -113*o = -1024 - 784. Calculate the remainder when o is divided by 6.
4
Let c be (-21 - 6) + -2 + -7. What is the remainder when 175 + c/9*3/2 is divided by 171/4 + 3/12?
40
Suppose 3*g - j - 1 = 17, 0 = 3*j - 9. What is the remainder when 552 is divided by g?
6
Let m = 4604 - 4556. Calculate the remainder when 608 is divided by m.
32
Let a(p) = 27*p - 19. Let b(i) = -2*i**2 - i + 3. Let o be b(2). Let x(w) = -4*w - 6. What is the remainder when a(3) is divided by x(o)?
18
Let a = -16376 + 16557. Calculate the remainder when 903 is divided by a.
179
Suppose 4*o - 6*o = -30. Calculate the remainder when 1/8 - 13659/(-232) is divided by o.
14
Let n be 2/9 - 14/63. Let p(d) = -d**3 + 2*d + 36. What is the remainder when 135 is divided by p(n)?
27
Let n(x) = 6*x - 213. Let c be n(41). Calculate the remainder when 1425/c - (-2)/(-11) is divided by 3.
1
Let q(o) = 8*o + 7. Let v be q(-1). Suppose -5*a + 143 + 27 = 0. What is the remainder when a is divided by ((-10)/(-3)*v)/((-10)/30)?
4
Suppose 3*x + 2*a = 602, 349*x - 345*x = -3*a + 805. What is the remainder when 579 is divided by x?
187
Let a(m) = -m**3 - 6*m**2 - 9*m + 7. Let w be a(-5). Suppose v = 102 - w. Let p = -56 + v. Calculate the remainder when 75 is divided by p.
18
Suppose 4*i + 8 = -4*g, -g + 4*g + 14 = -5*i. Suppose -101 = -2*j - g*j + k, -3*j + 2*k = -82. Calculate the remainder when 428/3 - 23/(-69) is divided by j.
23
Suppose -3*d = -7*d + 164. Let y(t) = 32*t + 340. Let q be y(-7). Suppose 5*l - q = -k + 3*k, 3*l = 5*k + 81. What is the remainder when d is divided by l?
19
Suppose 0 = 16*w + 7611 - 8811. What is the remainder when w is divided by 19?
18
Let l(j) = 67*j - 470. Let z be l(7). Suppose 3*v + 5*h - 200 - 117 = 0, 5*v = -h + 499. Calculate the remainder when v is divided by (-304)/(-18) + z/(-9).
14
Suppose 3*j - 126 = -3*c, -4*c - 34*j = -36*j - 156. Suppose -275 = -5*y - 0*y. What is the remainder when y is divided by c?
15
Suppose 201 = 5*y + 41. Suppose y = 4*c - 2*c. What is the remainder when 35970062/118870 - (9/6)/(10/4) is divided by c?
14
Suppose -36*n - 37*n + 2096 = 709. What is the remainder when 1251 is divided by n?
16
Let g = 5755 - 5711. Calculate the remainder when 4663 is divided by g.
43
Let j = -332 + 368. Suppose 154*a - j = 150*a. What is the remainder when ((-16)/10)/((-2)/40) is divided by a?
5
Let g(b) = 5*b**2 - 2*b - 64. Let i be g(-7). Suppose s + i = 6*s. Calculate the remainder when s is divided by 34.
5
Let w(q) = -12*q - 1. Let y = -118 + 122. Suppose -36*j - 12 = -o - 39*j, -y*o + 5*j + 99 = 0. What is the remainder when o is divided by w(-1)?
10
Suppose -377*j - 150 = -382*j